4 - (-872784)/532?
3, 547
Let a(c) = -c**2 + 8*c + 12. Let p be a(10). Let d = -7 - p. What are the prime factors of d - 1 - (-34 + -6)?
2, 5
Let w be 84/10 + 6/(-15). Suppose -4 - 14 = -9*f. List the prime factors of 0 - -41 - w/f.
37
Suppose 5*m = -5*f, 5*m - f - 18 = 3*f. Let t be (536/(-16))/(m/(-4)). Let w = -42 + t. List the prime factors of w.
5
Let z(d) = 464*d**2 + 7*d - 8. List the prime factors of z(1).
463
Let j(d) = -26*d + 1. Let t(o) = 13*o. Let r(s) = 2*j(s) + 5*t(s). What are the prime factors of r(7)?
3, 31
Let n(p) be the second derivative of -2*p**3/3 + 11*p**2 - 3*p. List the prime factors of n(-7).
2, 5
Let a(t) be the second derivative of -8*t**3/3 + 2*t**2 - 7*t. Let j(b) = -15*b + 3. Let o(d) = -4*a(d) + 5*j(d). What are the prime factors of o(-3)?
2
Let r(p) = 2*p**2 - 1. Let u(i) = 6*i**2 + i - 4. Let z(l) = -11*r(l) + 4*u(l). List the prime factors of z(6).
7, 13
Let y(b) = b**3 - 11*b**2 - 31*b + 11. Let r be y(13). Let v(f) = 81*f. Let q be v(-1). Let z = r - q. List the prime factors of z.
3
Suppose 114 = 5*i + 24. Let r be (i/(-8))/(15/(-40)). What are the prime factors of 2/(9/r - 1)?
2
Let k(l) = -320*l - 2. Let d = -4 + 5. Let m be k(d). List the prime factors of 11/33 - m/6.
2, 3
Suppose 0 = -k + 6*k - 20. Suppose k*a - b - 57 - 132 = 0, 3*a + 4*b = 156. What are the prime factors of a?
2, 3
Let k(b) = -b + 15. Let p be k(14). Let q(z) = -z**2 - z + 1. Let n be q(p). What are the prime factors of (n/3)/(4/(-264))?
2, 11
Suppose 64*p = 4*p + 171060. List the prime factors of p.
2851
Suppose 0 = 5*z - 11*z + 1440. Suppose 2*d = -0*d + z. List the prime factors of d.
2, 3, 5
Suppose 0 = 5*n - 5*w - 36 - 34, 46 = 4*n - 2*w. What are the prime factors of (-1)/(24/(-544)*2/n)?
2, 3, 17
Let u(w) = -w**3 + w**2 - 3*w - 2. Let k be (-1)/(-3) + 5/3. Suppose 5 - 1 = -k*i. List the prime factors of u(i).
2
Let o be 0 - 1 - (-15 + -1). Suppose o*w - 13*w + 6 = 0. Let b = w - -35. List the prime factors of b.
2
Let q be (-670)/(-7) - (-2)/7. Let r be 6/(-21) - 4392/(-84). Let t = q - r. What are the prime factors of t?
2, 11
Suppose -52*o - 32613 = -112485. What are the prime factors of o?
2, 3
What are the prime factors of -2*(-3)/9*(906 + -12)?
2, 149
Let i be 1*(-4 - -2)*10. Let k be 4/(48/i)*3. Let a(p) = p**3 + 7*p**2 + 2*p - 7. What are the prime factors of a(k)?
3, 11
Suppose 4*a = -5*m + 80 - 5, 0 = -5*m + 3*a + 110. Suppose -m - 25 = -v. What are the prime factors of (v/6)/((-1)/(-3))?
2, 11
Let w(t) = -t**2 - 3*t. Let c be (12/10)/((-6)/15). Let h be w(c). Suppose -s = 0, h = 4*j + 4*s - 4 - 16. What are the prime factors of j?
5
Let c = -4009 + 6409. What are the prime factors of c?
2, 3, 5
Let u be 3964/12 + (-4)/3. Let i = u - 158. Suppose 4*s - 3*n = 2*n + i, -s - n = -36. List the prime factors of s.
3, 13
Let l(u) = -u - 4. Let f(r) = r**3 - 4*r**2 + 3. Let w be f(3). Let n be l(w). List the prime factors of 46*(n/4)/1.
23
Suppose 2*w + 34 = -y, w + 4*y - 98 = 6*w. Let q = 23 + w. Suppose 0 = 2*l - 3*l + 5*c + 7, q*c = -2*l + 59. What are the prime factors of l?
2, 11
Let z(k) be the second derivative of -11*k**3/3 - k**2 + 7*k - 4. List the prime factors of z(-5).
2, 3
Let u(s) = 0 + 7*s**2 - 3*s**2 - 1. Let c be u(1). Suppose 2*n + 5*i = 51, -2*n + 0*i = -c*i - 91. List the prime factors of n.
2, 19
Let r be (-6)/(-3) + 2150 - -1. Suppose -4*b = -2*f + 1906, -231 = 5*b - 4*f + r. What are the prime factors of 4/12 + b/(-12)?
2, 5
Let g = -10 - -15. Suppose -1 = g*v - 36. Suppose 8*n - 7*n - v = 0. What are the prime factors of n?
7
Suppose 52 = 6*g - 2*g + 5*z, 2*z = 4*g - 24. Let i = 16 - -4. Suppose -g*b + i = -3*b + 5*q, b - 2*q = -2. List the prime factors of b.
2
What are the prime factors of 2131480/360 + -3*8/(-108)?
31, 191
Let u(v) be the second derivative of -v**4/24 + 5*v**3/2 + 3*v**2 + v. Let o(y) be the first derivative of u(y). List the prime factors of o(10).
5
Let f(n) = n**3 - 4*n**2 - 2*n + 8. Let j be f(4). Suppose -5*r - 27 + 267 = j. List the prime factors of r.
2, 3
Suppose -10212 = -3*d + 3*b, 3*d - 3600 = 2*b + 6614. What are the prime factors of d?
2, 13, 131
Let d be 7*(3/6)/(-1)*-34. Let x = d - 60. What are the prime factors of x?
59
Let n be (-13 - (-7)/(7/2))*-1. Suppose 246 = n*b - 40. What are the prime factors of b?
2, 13
Let k(q) = 84*q**2 + 12. What are the prime factors of k(-5)?
2, 3, 11
List the prime factors of (-8 + 9)/5*(-1580)/(-4).
79
Let o(j) = -j**3 - j**2 - 2. Let g be o(0). Let c(q) = 2*q**2 + q. Let s be c(g). List the prime factors of (s - 5) + (-4)/(-2).
3
What are the prime factors of (29 - 8)*37638/119?
2, 3, 41
Let w(d) = -d**2 + 10*d + 29. Let t be ((-34)/21 + (-2)/(-7))*-6. List the prime factors of w(t).
3, 5
Let o(y) = y**2 - 10*y + 2. Suppose -s - 19 = -3*k, -3*s = -k - 5 - 2. Let x be o(k). Let b = -12 - x. What are the prime factors of b?
2
Let d = 1308 - 293. List the prime factors of d.
5, 7, 29
Let j = 18 - 13. Suppose -3*x = -j*x + 528. List the prime factors of x.
2, 3, 11
Suppose 4039 = -11*n + 16128. What are the prime factors of n?
7, 157
Let h(y) = -y**2 + 4*y - 1. Let o be h(4). Let n(l) = 58*l**2 - 1. List the prime factors of n(o).
3, 19
Suppose -i + 1820 = 6*i. Suppose 10*j - 6*j - i = 0. List the prime factors of j.
5, 13
Suppose 5*i + 2*j = 2*i + 16, 0 = -4*j + 20. Suppose 33 + 77 = i*z. What are the prime factors of z?
5, 11
Let d(r) = -13*r**2 - 10*r - 3. Let g be d(-4). What are the prime factors of g*(2 + -5)*5/15?
3, 19
Let g(v) = -78*v**3 - v**2 + 7*v + 3. What are the prime factors of g(-4)?
4951
Let r = 285 - 227. Let g = -231 + 330. Let f = g - r. What are the prime factors of f?
41
Let m be ((-2)/(-4))/1*(1 + -11). Suppose 4 = -a + 1. Let h = a - m. What are the prime factors of h?
2
Let w(z) = -z**2 - z + 3. Let m be w(3). List the prime factors of (-2)/m - (-27328)/144.
2, 5, 19
Let t(w) = 3*w. Let c be t(-11). Let v = 46 + c. Suppose -19 = -4*y + v. List the prime factors of y.
2
Let x = -443 - -837. What are the prime factors of x?
2, 197
Suppose -75 + 51 = 4*z. What are the prime factors of z/4*(-1)/(2/388)?
3, 97
Let r(c) = -18*c - 115. List the prime factors of r(-33).
479
Suppose 1150 = y + 5*z, y + 3*y + 5*z - 4570 = 0. Suppose 4*r - 2*a + 331 = 1221, -5*r + y = 3*a. What are the prime factors of r?
3, 5
Suppose 0 = j, 0*j + j = 5*a - 1745. Suppose a = 3*m + 91. What are the prime factors of m?
2, 43
Let p(v) = -12*v + 4. Let z be p(11). Let r = 190 + z. List the prime factors of r.
2, 31
Suppose -3*u + 5*i - 22 = 4*i, 4*u - 3*i = -36. Let g(z) be the third derivative of -z**4/6 + 7*z**3/6 - 2*z**2. What are the prime factors of g(u)?
31
List the prime factors of 2316/9*(-6)/(-4)*1.
2, 193
What are the prime factors of (-4)/46 - 324621/(-253)?
1283
Let x(u) = 8*u - 13. Let d(g) = g**2 - 2*g - 19. Let c be d(6). List the prime factors of x(c).
3
Let x(k) = k**2 + 7*k + 5. Let c be x(-7). Suppose -t - 20 = -74. Suppose -c*w = 4 - t. What are the prime factors of w?
2, 5
Let q(d) = -3*d + 11. Let z(l) = -5*l - 7. Let t(o) = -2*o - 4. Let c(s) = 7*t(s) - 3*z(s). Let r be c(0). What are the prime factors of q(r)?
2
Suppose -11 = -n + 72. Let u = n - 4. List the prime factors of u.
79
Let d(s) = -s**3 + s**2 + 4*s + 5. Suppose -n + 5*r + 10 = 0, -47 = 5*n + 5*r - 7. List the prime factors of d(n).
3, 5
Let h(r) = r**2 + 3*r + 4. Suppose 24 = 3*p + 5*g - 9, g = -3. Let t = p + -21. List the prime factors of h(t).
2, 7
Let r(c) = -c**3 + 6*c**2 + 6*c + 7. Suppose 12 = -3*d + 33. Let q be r(d). Suppose 32 = 3*w - s, -3*w + q*s = -5*s - 28. What are the prime factors of w?
11
Let v = 88 + 100. What are the prime factors of v?
2, 47
Suppose 0 = 13*h - h - 3204. Let v = h + 15. What are the prime factors of v?
2, 3, 47
Let u(f) = -9*f + 8. Let t be -7 - (-4 - -1 - 0). What are the prime factors of u(t)?
2, 11
Let n = -1422 + 2687. What are the prime factors of n?
5, 11, 23
What are the prime factors of (-27180)/(-36) - -1*1?
2, 3, 7
Suppose 2*w = -4*c + 20, -4*c + 0*w + 10 = -3*w. Suppose 1231 = 5*i + t, -c*i - 6*t + 980 = -4*t. What are the prime factors of i?
13, 19
Let h be (0 - 1)*7*270/(-63). Let m = h - 17. List the prime factors of m.
13
Let b(u) = u**2 - 135*u + 135*u + 8. Let w be b(5). Suppose 4*n - w = 51. 